se 2, what is 1001000111000101001001 + 1111?
1001000111000101011000
In base 6, what is 203241 + -225?
203012
In base 5, what is -2013100443 - 13?
-2013101011
In base 3, what is -1222001200112 + -2200?
-1222001210012
In base 3, what is -11 + 100111101220002100?
100111101220002012
In base 16, what is -c9b + -9f87?
-ac22
In base 6, what is 2513443254 + -2?
2513443252
In base 10, what is 100002 - 12541?
87461
In base 10, what is 26 + 389526?
389552
In base 5, what is 1213034 - 1343202?
-130113
In base 10, what is 1941850 + -1?
1941849
In base 15, what is b072 + -ed?
ae74
In base 12, what is -1620 + -547?
-1b67
In base 3, what is -101110 + -1201022122220?
-1201100001100
In base 16, what is 1cd - 236f6?
-23529
In base 15, what is -a3e323 - -5?
-a3e31d
In base 2, what is -100110101001011101011011 + 1?
-100110101001011101011010
In base 5, what is 10 - 2120403100?
-2120403040
In base 14, what is 1c44a + -278?
1c1b2
In base 7, what is -52425101 - -14?
-52425054
In base 8, what is -3423043 + -32?
-3423075
In base 11, what is -143 + 6819?
6686
In base 8, what is -5 - 13116567?
-13116574
In base 14, what is -5d + 2430?
23b1
In base 16, what is -25bf637 - e?
-25bf645
In base 14, what is 161 - -683b?
699c
In base 11, what is -1a09a5 - -393?
-1a0612
In base 16, what is 1ac7d7 - -12?
1ac7e9
In base 14, what is -5 - -9962dac?
9962da7
In base 6, what is -110 + 31031130?
31031020
In base 13, what is cc8053 - 2?
cc8051
In base 4, what is 301132323 - 11?
301132312
In base 16, what is -3d - 34086?
-340c3
In base 13, what is a + -4a91121?
-4a91114
In base 6, what is -5124 - 20220?
-25344
In base 9, what is -40348 + 28055?
-11283
In base 6, what is 2212 - 3534300?
-3532044
In base 2, what is -1111011111110101101011000000 + 0?
-1111011111110101101011000000
In base 13, what is b - 11201?
-111c3
In base 8, what is -3155441 + 157?
-3155262
In base 10, what is 634 - 117144?
-116510
In base 12, what is 9b6781 + 8?
9b6789
In base 16, what is 4b - -37503?
3754e
In base 13, what is 14cc5 - 72b?
14597
In base 13, what is -a01a - c6c?
-ac89
In base 5, what is 222013431 - 311?
222013120
In base 7, what is -1124330233 - -2?
-1124330231
In base 10, what is -14869009 - 57?
-14869066
In base 14, what is -3186 + 9b31?
6989
In base 9, what is -3310 - 1706?
-5116
In base 7, what is -213 - -145105532?
145105316
In base 14, what is 789a83d - 5?
789a838
In base 9, what is -2802603 + 1?
-2802602
In base 16, what is e2d5a7 + 14?
e2d5bb
In base 9, what is -55560 + -2515?
-58175
In base 16, what is 2 + 37dfac?
37dfae
In base 7, what is -111110 - -2356?
-105421
In base 13, what is -2c - 66407a?
-6640a9
In base 4, what is -30100120 + 2120?
-30032000
In base 2, what is -11011100111101111001001 - 100?
-11011100111101111001101
In base 15, what is -41348 + -1c?
-41365
In base 8, what is 40513752 + 4?
40513756
In base 4, what is 3032321312 + -300?
3032321012
In base 15, what is b312 - 3?
b30e
In base 10, what is 25595 + 577?
26172
In base 6, what is 2120 - 50413?
-44253
In base 10, what is 1667344 + -18?
1667326
In base 16, what is 2a9 + -25667?
-253be
In base 11, what is 0 - -4891623?
4891623
In base 4, what is -313133 - -22321?
-230212
In base 10, what is -9 + 1916807?
1916798
In base 2, what is -10001011011100000101010010 + -1?
-10001011011100000101010011
In base 8, what is 141 - 527721?
-527560
In base 6, what is -12 - -254053411?
254053355
In base 13, what is -2 - -18523001?
18522ccc
In base 6, what is -115412 + 454?
-114514
In base 3, what is -110010100201211220 - 11?
-110010100201212001
In base 13, what is -2 - 5c58885?
-5c58887
In base 14, what is -16449b9 + 3?
-16449b6
In base 2, what is 100100010000 + -11111100?
100000010100
In base 2, what is -1001111110111 - -1010010011110011?
1001000011111100
In base 8, what is -7654014 + -277?
-7654313
In base 4, what is -11130 - 3133311030?
-3133322220
In base 5, what is -1003 + -13220313?
-13221321
In base 4, what is 132220111110132 - 2?
132220111110130
In base 4, what is -11 - -113300230323310?
113300230323233
In base 7, what is -3 - -254324425?
254324422
In base 2, what is -1000100 - 1000010101110100111000?
-1000010101110101111100
In base 9, what is -1401 + -6153?
-7554
In base 3, what is 1022222101220 - 1020?
1022222100200
In base 5, what is -44000044 - 10?
-44000104
In base 16, what is 19efd51 - -2e?
19efd7f
In base 2, what is -111000011010 + 100000111100?
-10111011110
In base 6, what is 40245 + 20211?
100500
In base 10, what is -14 - 1363701?
-1363715
In base 7, what is 1523 + 450435?
452261
In base 5, what is -300401304 + 1004?
-300400300
In base 13, what is 12c17 - -40?
12c57
In base 9, what is -4553 + 24153?
18500
In base 7, what is -52410224 - 2?
-52410226
In base 12, what is 450 - -a077b?
a100b
In base 2, what is 11011101111001101111 + 111110110?
11011110000001100101
In base 10, what is 34319 - -9194?
43513
In base 11, what is -80 + 11530?
11460
In base 16, what is 1a0 - 25fd?
-245d
In base 6, what is -14 + -1141221415?
-1141221433
In base 7, what is 42304642 + 1?
42304643
In base 13, what is 102a - -26c09?
27c36
In base 12, what is 115a8049 - 0?
115a8049
In base 14, what is -1a - -385630?
385614
In base 5, what is 30112124 + 33?
30112212
In base 7, what is 20523 - -3524?
24350
In base 8, what is -4 - -624132410?
624132404
In base 12, what is 524a + ba2b?
15079
In base 15, what is 200 - -44505?
44705
In base 3, what is -1 + -121220212211010?
-121220212211011
In base 6, what is 111101042244 - -2?
111101042250
In base 2, what is -1 - 1110000111000010101101100?
-1110000111000010101101101
In base 12, what is -18b0 + 1440?
-470
In base 16, what is eebf - -700?
f5bf
In base 11, what is -7063 + 85?
-6a89
In base 9, what is -41 + 25167?
25126
In base 4, what is -2003021131023 + -13?
-2003021131102
In base 4, what is 131020310032 + -2102?
131020301330
In base 13, what is 1 - -90a105?
90a106
In base 10, what is -5 + 11628?
11623
In base 14, what is -d03 + -8422?
-9325
In base 16, what is -1971 - -163f?
-332
In base 13, what is -3591 + -48?
-3609
In base 9, what is 1711056 - -238?
1711305
In base 6, what is -552511015 + -4?
-552511023
In base 11, what is 3 - -29a1a40?
29a1a43
In base 8, what is -1136327526 - -2?
-1136327524
In base 12, what is -1 + 2a02260?
2a0225b
In base 13, what is 2092 + 155?
2217
In base 15, what is 1e6a - -35?
1ea0
In base 4, what is -3003221001 + 22?
-3003220313
In base 4, what is 2020 - 20302011?
-20233331
In base 14, what is 676 + -15bc4?
-1554c
In base 10, what is 15443 - -32?
15475
In base 13, what is 8 + 6c303c?
6c3047
In base 4, what is -22 - -3231311213?
3231311131
In base 10, what is 4421221 + 0?
4421221
In base 16, what is -6a + -40af7?
-40b61
In base 2, what is -101110001110011000101 - 1010?
-101110001110011001111
In base 12, what is -9 + 545a9?
545a0
In base 16, what is -2e86cb + -1e?
-2e86e9
In base 11, what is -3273954 + -15?
-3273969
In base 5, what is -1 + -202200231324?
-202200231330
In base 5, what is -1403101 + -433?
-1404034
In base 11, what is -203529 + 55?
-203484
In base 6, what is 10223 + -3000?
3223
In base 14, what is -b821d2 + -1?
-b821d3
In base 14, what is 5dd8b5 + -4?
5dd8b1
In base 15, what is 49e60a - 1?
49e609
In base 3, what is -1020011011101 - -112?
-1020011010212
In base 3, what is 10 + 20020210111020?
20020210111100
In base 10, what is -3 + -41887174?
-41887177
In base 16, what is -883f - -156?
-86e9
In base 2, what is 1010001011100101101 + -10000?
1010001011100011101
In base 2, what is -111100 + 11111000010011001?
11111000001011101
In base 13, what is 1c5bb - 385?
1c236
In base 4, what is -11 - 3111332002220?
-3111332002231
In base 16, what is -11eba050 + -5?
-11eba055
In base 15, what is -11 + 3ba244?
3ba233
In base 9, what is -2162712 - 174?
-2162886
In base 6, what is -4 + 501300255?
501300251
In base 9, what is -33486 + -24?
-33521
In base 5, what is -2 - -2022204141?
2022204134
In base 7, what is 22 - -123615500?
123615522
In base 9, what is 1640 - -36768?
38518
In base 11, what is 6 - -5287189?
5287194
In base 13, what is -1568bc3c - 0?
-1568bc3c
In base 8, what is -255033 - 201?
-255234
In base 6, what is -5042503 + -2300?
-5045203
In base 10, what is 10 + -603345?
-603335
In base 12, what is -1a1 - -105661?
105480
In base 5, what is -3411404202 - -3?
-3411404144
In base 10, what 